 when f is divided by g.
33
Suppose 781 + 234 = 29*g. What is the remainder when (-136 - -140)*26*4 is divided by g?
31
Suppose -5*t + 7*t = 34. Let m = -35658 + 35718. What is the remainder when m is divided by t?
9
Let k = 20 - -60. Suppose 6*n - 64 = k. Let f(z) = 11*z + 7. Calculate the remainder when f(8) is divided by n.
23
Suppose 0*r + 2*r = 24. Let j(n) = 6*n + 12. Let v be j(-2). Suppose v = 9*w - 9 - 54. Calculate the remainder when r is divided by w.
5
Let z be (-39)/6 + 1 - (-1)/(-2). Let p = -19 + 25. What is the remainder when p is divided by (-18)/(-8) - z/8?
0
Let z = 293 + -235. Suppose 0 = -48*y + z*y - 280. Calculate the remainder when 641 is divided by y.
25
Suppose 10 = 4*w + 2. Let n be (-1 - (3 - 4))/w. What is the remainder when 31 is divided by 5/15*(n - -6) + 9?
9
Let q(b) = 62*b**2 - 479*b + 4. Calculate the remainder when 676 is divided by q(8).
116
Let n(d) be the third derivative of -d**6/120 - d**5/12 - d**4/4 - 19*d**3/3 + 2*d**2 + 51. Calculate the remainder when n(-8) is divided by 29.
28
Calculate the remainder when 14 is divided by ((-4)/10 - (-8)/120)/((-6)/54).
2
Let b = 15201 - 14677. Calculate the remainder when b is divided by 523.
1
Let l = -68 - -101. Calculate the remainder when 13120/240*(2 - -1) is divided by l.
32
Let i = -167 + 154. Let x(u) = u**2 + 9*u + 34. Calculate the remainder when x(i) is divided by 13.
8
Suppose -2*h + 280 = -2*u, 4*u = -h + 67 + 93. Calculate the remainder when 436 is divided by h.
4
Suppose 9*z = 7*z + z. Suppose w - 6*w + q + 718 = 0, z = 4*w - q - 574. Suppose -139*c = -w*c + 435. Calculate the remainder when c is divided by 22.
21
Let t(a) = 8*a**2 + 26*a - 15. Let r(w) = 5*w**2 + 17*w - 10. Let d(p) = -7*r(p) + 5*t(p). Calculate the remainder when 131 is divided by d(-3).
5
Let o = -109 - -123. Suppose o*l = 537 + 93. What is the remainder when l is divided by 24?
21
What is the remainder when 278 is divided by (13500/(-625))/(((-18)/(-15))/(-3))?
8
Let l(r) = -r**2 - 26*r + 283. What is the remainder when 107 is divided by l(8)?
8
Let t(x) = 103 + 107*x**2 - 214*x**2 - 17*x + 106*x**2. Calculate the remainder when 264 is divided by t(-21).
17
Let c = -2460 + 2483. Let l(i) = 2*i**2 - 3 + i**3 + 6*i - 8*i**2 - 2*i**3. What is the remainder when c is divided by l(-7)?
3
What is the remainder when (-42)/(88/464*26 - 5) is divided by 13?
11
Let k(y) be the third derivative of -y**6/60 + y**5/30 + 5*y**4/24 + y**3/2 + 37*y**2. What is the remainder when 47 is divided by k(-2)?
13
What is the remainder when ((-225)/(-9 - -4))/((-11)/(-451)) is divided by 917?
11
Let t(u) be the third derivative of u**4/24 - 3*u**3/2 + 6*u**2. Let h be t(11). What is the remainder when 26 is divided by 1/(h*(-1)/(-28))?
12
Let g(b) = -b**2 - b. Let p(y) = -7*y**3 - 66*y**2 + 3*y + 3. Let a(f) = -4*g(f) + p(f). Calculate the remainder when (1/2)/(1/82) is divided by a(-9).
20
Let w = -162 + 169. Let c(n) = 2*n**3 - 6*n**2 - 7*n - 45. Calculate the remainder when c(w) is divided by 10.
8
Suppose t - 2*x = 130, -13*t + 15*t - 245 = x. Suppose -t = -17*s + 135. Calculate the remainder when 236 is divided by s.
11
Let h(n) = 3*n**3 - 6*n**2 + 2*n + 8. Let t be h(4). Suppose -14*c + 98 = -t. Calculate the remainder when 132 is divided by c.
12
Let b = 63 + -60. Suppose -b*i + 5*u + 68 = -25, 0 = 2*i + u - 62. Suppose 0 = -26*v + i*v - 1110. What is the remainder when v is divided by 45?
42
Let l = 86 + -84. Suppose -u + 2*o - 320 = -6*u, -3*u - l*o = -188. Calculate the remainder when 263 is divided by u.
65
Let m(i) = i**2 - 10*i - 22. Let h = 62 + -17. Suppose 50*k - 55*k = -h. Calculate the remainder when k is divided by m(12).
1
Suppose -2*f = -5*g - f - 6, 3*g = f - 4. Let z(u) be the first derivative of -7*u**4/2 + 601. What is the remainder when 68 is divided by z(g)?
12
Let t(d) = 71*d - 171. Let m be t(-6). Let v = m + 639. Calculate the remainder when v is divided by (3/(-3))/(2/(-24)).
6
Suppose 4*t - 2320 + 628 = 0. Let k be (t/(-18))/((-1)/2). Let x = k - 34. What is the remainder when 25 is divided by x?
12
Suppose 0 = 4*t - 21 + 5. Suppose -3*v + 405 = g, -t*v - 2*g + 725 = 185. Let z = -31 + v. Calculate the remainder when z is divided by 18.
14
Let w(q) = -q**3 + 14*q**2 - 5*q - 41. Let s be w(14). Let f = -111 - s. Suppose f = 4*j - 364 - 216. What is the remainder when j is divided by 21?
19
Suppose -f = f. Suppose f = 5*z + 67 - 197. Suppose 4*o = 0, 3*q + 27 = 6*q + o. What is the remainder when z is divided by q?
8
Let j = -1016 + 1163. Calculate the remainder when 295 is divided by j.
1
Suppose -238 + 274 = -15*h + 201. Let d(a) = a**2 - 5*a + 4. Calculate the remainder when h is divided by d(5).
3
Suppose -335 = -3*v + 166. Let i = 186 + -179. Calculate the remainder when v is divided by 236/i - (-136)/476.
31
Let q = -44 - -52. Suppose u = 5*u + q, 3*s - u - 152 = 0. Calculate the remainder when s is divided by 11.
6
Let a = 29495 - 28597. What is the remainder when a is divided by 16?
2
Let j(c) = -c**2 + 4*c + 4. Let s be -1*(-15 - -4) - 4*-1. Suppose 28*q + s = 31*q. What is the remainder when j(3) is divided by q?
2
Let g(z) = z**3 + 2*z + 62. Let b be g(0). Let a = b - 64. Calculate the remainder when 142 is divided by 1*1/a*-46 - -1.
22
Let o(a) = a**2 + 3*a + 6. Let h be o(-3). Suppose 271 = h*w + 199. What is the remainder when 67 is divided by w?
7
Suppose -2*k - 3*k - 5*y = 955, -2*k - 352 = -4*y. Let b = k + 219. What is the remainder when 62 is divided by b?
29
Let c(b) be the first derivative of b**4/4 - b**3/3 - 5*b**2 + b - 7. Let v be c(4). Suppose 45 = 3*r - v. Calculate the remainder when 52 is divided by r.
16
Suppose -2*w = g - 5*w, -3*g - 3*w - 24 = 0. Let p be (g/5)/(160/(-75) + 2). Suppose -p*j + 235 = -4*j. Calculate the remainder when j is divided by 16.
15
Let i(s) = s**2 - 12*s - 2. Let y be i(12). What is the remainder when 34/(y/(4/(-2))) is divided by (4/(-4) + 15)*(-22)/(-44)?
6
Let p(y) = 119*y**2 + 13*y + 56. What is the remainder when p(-3) is divided by 33?
32
Let m be (2 - 0/(-1))/((-5)/(-15)). Suppose 0 = j - w - 3, -2*j + 5*w - m = 0. What is the remainder when 75 is divided by j?
5
Suppose o + 0*s + 5*s - 20 = 0, 3*o = 2*s - 8. Suppose o = -2*n - 0*n - 164. Calculate the remainder when 122 is divided by (0 - n)*2/4.
40
Calculate the remainder when 976 is divided by (1*-3 + (-76)/28)*189/(-54).
16
Suppose 4*y - 272 = -4*z, 272*y = 5*z + 270*y - 368. What is the remainder when 3733 is divided by z?
61
Suppose -23 + 43 = -4*d. Calculate the remainder when 383 is divided by 14*((-95)/30 - d)*3.
75
Suppose -d = -h - 1 - 3, 4 = 4*h + d. Suppose -4*i = -h*i + 12. Calculate the remainder when -1 + 105 - (i - (6 + -9)) is divided by 7.
6
Suppose 23 = -y + 6*k - k, -18 = y - 4*k. Let x(a) = 17*a**3 + 3*a**2 - 10*a + 18. What is the remainder when x(y) is divided by 7?
6
Let n(v) = 23*v**2 - 2*v + 5. Let l(h) = -67*h**2 + 7*h - 15. Let s(c) = 2*l(c) + 7*n(c). What is the remainder when s(3) is divided by 21?
17
Let r = -3353 + 3361. What is the remainder when 260 is divided by r?
4
Let k be ((-22)/(-3) + -2)*(-165)/(-2). Suppose 3*b - 6 = 2*b. What is the remainder when k/28 - 6/(-21) is divided by b?
4
Suppose 2*j = -0*j + 22. Let d = -66 + 112. Suppose 2*h - 16 = d. Calculate the remainder when h is divided by j.
9
Suppose 1566 = 4*a + 67*x - 69*x, 0 = 4*a + 3*x - 1591. Let w = a + -358. Calculate the remainder when 283 is divided by w.
31
Let a be (-274)/4*-4*5/10. Suppose 3*y - k - a = 0, -k + 4*k + 129 = 3*y. Calculate the remainder when y is divided by 11.
3
Let b(p) = -p**2 - p + 58. Let t = 530 + -369. Let o = t + -131. Calculate the remainder when b(0) is divided by o.
28
Let p(x) = -2*x**3 - 8*x**2 + x + 14. Let q be p(-6). Suppose 3*d - 10*o + 5*o = q, -2*o = -4. Calculate the remainder when 113 is divided by d.
5
Let p(j) = j**2 + 7*j - 33. Let r(o) = 4*o - 20. Let a be r(11). Let c = a - 38. Calculate the remainder when p(c) is divided by 17.
14
Let t be 50/4*54/45. Suppose -5*f + t*f = 140. Suppose -84*s = -87*s + 69. What is the remainder when s is divided by f?
9
Let f be (-6)/4*376/(-12). Let u = 348 - 344. Suppose -4*j - u*a + 68 = 0, 0 = -2*j + 3*a + 2 + f. What is the remainder when j is divided by 7?
6
Suppose 2*m 